{"id":7838,"date":"2013-05-19T22:33:40","date_gmt":"2013-05-19T19:33:40","guid":{"rendered":"http:\/\/www.tsyd.org.tr\/wp\/wp-content\/uploads\/2013\/05\/\u0130SKENDER-G\u00dcNEN.jpg"},"modified":"2013-05-19T22:33:40","modified_gmt":"2013-05-19T19:33:40","slug":"iskender-gunen","status":"inherit","type":"attachment","link":"https:\/\/www.tsyd.org.tr\/wp\/?attachment_id=7838","title":{"rendered":"\u0130SKENDER G\u00dcNEN"},"author":1,"featured_media":0,"comment_status":"closed","ping_status":"closed","template":"","meta":[],"class_list":["post-7838","attachment","type-attachment","status-inherit","hentry"],"acf":[],"description":{"rendered":"<p class=\"attachment\"><a href='https:\/\/www.tsyd.org.tr\/wp\/wp-content\/uploads\/2013\/05\/\u0130SKENDER-G\u00dcNEN.jpg'><img loading=\"lazy\" decoding=\"async\" width=\"83\" height=\"112\" src=\"https:\/\/www.tsyd.org.tr\/wp\/wp-content\/uploads\/2013\/05\/\u0130SKENDER-G\u00dcNEN.jpg\" class=\"attachment-medium size-medium\" alt=\"\" \/><\/a><\/p>\n"},"caption":{"rendered":""},"alt_text":"","media_type":"image","mime_type":"image\/jpeg","media_details":{"width":83,"height":112,"file":"2013\/05\/\u0130SKENDER-G\u00dcNEN.jpg","sizes":{"tie-small":{"file":"\u0130SKENDER-G\u00dcNEN-70x70.jpg","width":70,"height":70,"mime_type":"image\/jpeg","source_url":"https:\/\/www.tsyd.org.tr\/wp\/wp-content\/uploads\/2013\/05\/\u0130SKENDER-G\u00dcNEN-70x70.jpg"},"full":{"file":"\u0130SKENDER-G\u00dcNEN.jpg","width":83,"height":112,"mime_type":"image\/jpeg","source_url":"https:\/\/www.tsyd.org.tr\/wp\/wp-content\/uploads\/2013\/05\/\u0130SKENDER-G\u00dcNEN.jpg"}},"image_meta":{"aperture":0,"credit":"","camera":"","caption":"","created_timestamp":0,"copyright":"","focal_length":0,"iso":0,"shutter_speed":0,"title":""}},"post":null,"source_url":"https:\/\/www.tsyd.org.tr\/wp\/wp-content\/uploads\/2013\/05\/\u0130SKENDER-G\u00dcNEN.jpg","_links":{"self":[{"href":"https:\/\/www.tsyd.org.tr\/wp\/index.php?rest_route=\/wp\/v2\/media\/7838","targetHints":{"allow":["GET"]}}],"collection":[{"href":"https:\/\/www.tsyd.org.tr\/wp\/index.php?rest_route=\/wp\/v2\/media"}],"about":[{"href":"https:\/\/www.tsyd.org.tr\/wp\/index.php?rest_route=\/wp\/v2\/types\/attachment"}],"author":[{"embeddable":true,"href":"https:\/\/www.tsyd.org.tr\/wp\/index.php?rest_route=\/wp\/v2\/users\/1"}],"replies":[{"embeddable":true,"href":"https:\/\/www.tsyd.org.tr\/wp\/index.php?rest_route=%2Fwp%2Fv2%2Fcomments&post=7838"}]}}

http://www.tsyd.org.tr/wp/wp-content/uploads/2013/05/İSKENDER-GÜNEN.jpg

İSKENDER GÜNEN

<p class="attachment"><a href='https://www.tsyd.org.tr/wp/wp-content/uploads/2013/05/İSKENDER-GÜNEN.jpg'><img loading="lazy" decoding="async" width="83" height="112" src="https://www.tsyd.org.tr/wp/wp-content/uploads/2013/05/İSKENDER-GÜNEN.jpg" class="attachment-medium size-medium" alt="" /></a></p>

2013/05/İSKENDER-GÜNEN.jpg

İSKENDER-GÜNEN-70x70.jpg

https://www.tsyd.org.tr/wp/wp-content/uploads/2013/05/İSKENDER-GÜNEN-70x70.jpg

İSKENDER-GÜNEN.jpg

https://www.tsyd.org.tr/wp/wp-content/uploads/2013/05/İSKENDER-GÜNEN.jpg
